e remainder when 146946806 is divided by 907079.
8
Calculate the remainder when 633460294 is divided by 56.
54
What is the remainder when 8247692 is divided by 305470?
2
What is the remainder when 84224676 is divided by 1928?
1924
Calculate the remainder when 46934 is divided by 1737.
35
What is the remainder when 9433675 is divided by 1461?
1459
Calculate the remainder when 5585017 is divided by 18.
13
What is the remainder when 131217 is divided by 26218?
127
What is the remainder when 5519023 is divided by 2759502?
19
What is the remainder when 80720 is divided by 93?
89
Calculate the remainder when 1183356 is divided by 2142.
972
Calculate the remainder when 2284214 is divided by 101.
99
What is the remainder when 2673423 is divided by 891115?
78
What is the remainder when 148369 is divided by 872?
129
Calculate the remainder when 471416 is divided by 32.
24
Calculate the remainder when 108304 is divided by 35925.
529
What is the remainder when 22609690 is divided by 132998?
30
What is the remainder when 66508570 is divided by 259?
219
What is the remainder when 4102538 is divided by 9?
5
What is the remainder when 1606870 is divided by 8?
6
What is the remainder when 23487 is divided by 23196?
291
Calculate the remainder when 182592360 is divided by 340023.
9
Calculate the remainder when 156747 is divided by 156711.
36
What is the remainder when 14085571 is divided by 25?
21
What is the remainder when 1921460 is divided by 218?
8
Calculate the remainder when 3545559 is divided by 15.
9
What is the remainder when 19499314 is divided by 106?
84
What is the remainder when 1514222 is divided by 68?
66
Calculate the remainder when 18392540 is divided by 301516.
64
Calculate the remainder when 2903542 is divided by 1709.
1660
What is the remainder when 26106361 is divided by 631?
629
Calculate the remainder when 2686343 is divided by 113.
107
What is the remainder when 76477219 is divided by 517?
511
Calculate the remainder when 2096927 is divided by 147.
119
Calculate the remainder when 547419 is divided by 1542.
9
What is the remainder when 404195 is divided by 1962?
23
Calculate the remainder when 28902544 is divided by 2.
0
Calculate the remainder when 2178024 is divided by 127.
101
Calculate the remainder when 114368093 is divided by 22.
15
What is the remainder when 19190113 is divided by 484?
481
Calculate the remainder when 318918 is divided by 181.
177
What is the remainder when 4896019 is divided by 165?
139
Calculate the remainder when 602108 is divided by 92.
60
What is the remainder when 34282250 is divided by 256?
10
What is the remainder when 502959 is divided by 951?
831
What is the remainder when 1251449 is divided by 2219?
2152
What is the remainder when 333537749 is divided by 105?
104
Calculate the remainder when 866965 is divided by 8336.
21
Calculate the remainder when 180563 is divided by 4999.
599
Calculate the remainder when 263108 is divided by 6281.
5587
What is the remainder when 2129759 is divided by 57547?
520
Calculate the remainder when 6807659 is divided by 147.
89
Calculate the remainder when 9149 is divided by 3029.
62
What is the remainder when 3117113 is divided by 3116802?
311
Calculate the remainder when 49266149 is divided by 1817.
11
What is the remainder when 5767583 is divided by 2260?
63
Calculate the remainder when 201735671 is divided by 3989.
3963
What is the remainder when 3011734 is divided by 294?
292
Calculate the remainder when 297349 is divided by 42476.
17
Calculate the remainder when 2753836 is divided by 598.
46
What is the remainder when 518487 is divided by 210?
207
Calculate the remainder when 81232 is divided by 4.
0
What is the remainder when 246342 is divided by 48?
6
What is the remainder when 1392821 is divided by 338?
261
Calculate the remainder when 2066186 is divided by 214.
16
Calculate the remainder when 21071287 is divided by 14.
13
Calculate the remainder when 3911233 is divided by 14.
11
Calculate the remainder when 539825 is divided by 5364.
3425
What is the remainder when 95228 is divided by 13196?
2856
Calculate the remainder when 5159385 is divided by 2579689.
7
What is the remainder when 1999283 is divided by 79971?
8
Calculate the remainder when 137310835 is divided by 20.
15
Calculate the remainder when 814460 is divided by 6265.
10
Calculate the remainder when 439017 is divided by 380.
117
What is the remainder when 1577801 is divided by 1327?
1325
Calculate the remainder when 205111441 is divided by 1074.
1069
Calculate the remainder when 9288 is divided by 2646.
1350
Calculate the remainder when 68639 is divided by 350.
39
What is the remainder when 2354843 is divided by 60364?
647
What is the remainder when 193855343 is divided by 71?
67
Calculate the remainder when 90848826 is divided by 1076.
1070
What is the remainder when 9286555 is divided by 4091?
4076
Calculate the remainder when 187191 is divided by 187115.
76
What is the remainder when 6091563 is divided by 350?
163
What is the remainder when 86443 is divided by 10803?
19
What is the remainder when 1312476 is divided by 2723?
2713
Calculate the remainder when 604147 is divided by 678.
49
Calculate the remainder when 1926826 is divided by 136.
114
What is the remainder when 50270 is divided by 20332?
9606
What is the remainder when 14915365 is divided by 8?
5
Calculate the remainder when 1936121 is divided by 215095.
266
Calculate the remainder when 228907 is divided by 1168.
1147
Calculate the remainder when 478550 is divided by 239268.
14
What is the remainder when 5526870 is divided by 789521?
223
What is the remainder when 139654 is divided by 46403?
445
What is the remainder when 3362221 is divided by 373?
372
What is the remainder when 21444616 is divided by 153?
136
Calculate the remainder when 15212583 is divided by 36.
27
Calculate the remainder when 325625 is divided by 79.
66
Calculate the remainder when 13313228 is divided by 111.
110
Calculate the remainder when 53726302 is divided by 3837591.
28
Calculate the remainder when 1289422 is divided by 429513.
883
Calculate the remainder when 3096868 is divided by 1989.
1984
What is the remainder when 17732970 is divided by 202?
198
What is the remainder when 3823947 is divided by 424882?
9
Calculate the remainder when 47549 is divided by 1673.
705
Calculate the remainder when 357987 is divided by 422.
131
Calculate the remainder when 116238 is divided by 3044.
566
What is the remainder when 15088 is divided by 12699?
2389
Calculate the remainder when 2575004 is divided by 4036.
36
What is the remainder when 346721 is divided by 123?
107
What is the remainder when 1227369 is divided by 32?
9
Calculate the remainder when 8739090 is divided by 543.
48
Calculate the remainder when 4480918 is divided by 15.
13
What is the remainder when 845655 is divided by 4832?
55
Calculate the remainder when 2760308 is divided by 258.
224
What is the remainder when 39428096 is divided by 143?
136
What is the remainder when 8478639 is divided by 17198?
25
What is the remainder when 5117768 is divided by 517?
502
Calculate the remainder when 1703146 is divided by 50077.
528
Calculate the remainder when 65731 is divided by 64237.
1494
Calculate the remainder when 3831239 is divided by 718.
709
Calculate the remainder when 925813 is divided by 124.
29
What is the remainder when 4823160 is divided by 56?
48
Calculate the remainder when 83002021 is divided by 117.
115
Calculate the remainder when 26899402 is divided by 5367.
5365
What is the remainder when 162378 is divided by 2054?
112
Calculate the remainder when 17574606 is divided by 1126.
1124
What is the remainder when 14250756 is divided by 2028?
0
What is the remainder when 2646562 is divided by 469?
464
What is the remainder when 279071 is divided by 18596?
131
Calculate the remainder when 7418952 is divided by 115.
72
What is the remainder when 13497964 is divided by 1441?
117
What is the remainder when 23861749 is divided by 287?
282
Calculate the remainder when 474324 is divided by 3.
0
Calculate the remainder when 3965148 is divided by 495638.
44
What is the remainder when 49700 is divided by 160?
100
What is the remainder when 36074 is divided by 2764?
142
Calculate the remainder when 101063 is divided 